= q + 27. What is the units digit of h?
2
Let d = -12 + 17. Suppose 52 = d*n - 63. What is the tens digit of n?
2
Suppose -40103 = -41*d + 38863. What is the thousands digit of d?
1
Suppose -5*r = -5*k - 2740, -4*r - 292*k = -295*k - 2195. What is the tens digit of r?
5
Suppose -5*q = -10*q + 15. Let s(c) be the third derivative of c**6/60 - c**5/15 - c**4/24 + c**3/2 - c**2 + 40*c. What is the tens digit of s(q)?
1
Suppose -17*c + 12 = -11*c. Suppose 0 = 2*b - 5*k - 56, c*k - 19 = -15. What is the tens digit of b?
3
Let q be 1 + -3 - -4 - 0. Suppose 5*f = m + 257, 2 = m - q*m. What is the tens digit of f?
5
Suppose -4*h = -9*h + 20. Let z(y) = -9 - 2*y + h - 5*y**2 - 3 - y**3. What is the units digit of z(-5)?
2
Suppose 0 = -2*c + 5*o, 2*c = -2*c + 4*o + 12. Suppose -547 = -c*g - 12. What is the tens digit of g?
0
Let q be (-6)/9 - (-188)/3. Suppose x + q = 2*v, 7*x - 2*x = -10. What is the units digit of v/((-9)/(-6) + 0)?
0
Suppose -72*v + 81*v = 2376. What is the tens digit of v?
6
Suppose 5*s + 5*f = 2565, 3*s - 6*s + f = -1543. What is the tens digit of s?
1
Let o = 23 + -19. Suppose 146 = 5*l + 4*c, -o*l - 2*c = -3*l - 34. What is the units digit of l?
6
Let j be (0 - (-19)/2)*2. Suppose 50 = 2*c - k - 3*k, 3*c - 91 = -2*k. Let g = c - j. What is the units digit of g?
0
Suppose -2*s + 52 = -176. Let w = -51 + s. What is the tens digit of w?
6
What is the tens digit of (-3420 + (-5 - 2))/(-1 + 0)?
2
What is the tens digit of (-74499)/(-18) - 80/96?
3
What is the hundreds digit of ((-101)/2)/(-1*6/84)?
7
Let f = 144 + 2059. What is the thousands digit of f?
2
Let c = 5 + -3. Suppose -2*z + 32 = -d + 3*d, -2*d - 3*z = -36. Suppose -p = c - d. What is the tens digit of p?
1
Suppose 0*q = 3*q + 66. Let h = -21 - q. What is the units digit of h*4/4*31?
1
Suppose 2*u - 1880 = 2*l, -u + 4*l = -0*u - 931. What is the hundreds digit of u?
9
Let z(a) = a**3 - 3*a**2 - 2*a + 210. Let u = 100 + -100. What is the units digit of z(u)?
0
Let g(p) = -19*p + 1. Let k(v) = -v - 5. Let j be k(-5). Let o(s) = -s - 1. Let r be o(j). What is the tens digit of g(r)?
2
Suppose 22*g = 19*g + 9. Let f be (-2)/(-3) + 7/g. Suppose 72 = f*z - 6. What is the tens digit of z?
2
Let g = 4 - 6. Let b be (86 - g) + -1 + 1. Suppose -c - 3*c + b = 0. What is the units digit of c?
2
Suppose -2*f - 597 - 1145 = 0. Let k be (-3)/4 + f/(-52). Suppose -12*j - 156 = -k*j. What is the units digit of j?
9
Suppose j = -3*d + 83, j + 3*d + d - 86 = 0. Let f = 136 - j. What is the units digit of f?
2
Let r be 2/(-14) - 828/84. Let y be (0 + 5)/(r/(-4)). Suppose y*n + n = 57. What is the units digit of n?
9
Suppose -2 - 18 = -4*i. Suppose -3*x + 1 = -x - i*d, x = 2*d + 2. Let u(p) = -p**3 + 10*p**2 - 9*p - 5. What is the tens digit of u(x)?
5
Let h(b) be the third derivative of b**5/60 - b**4/6 + 2*b**3 + 5*b**2. What is the units digit of h(7)?
3
Suppose 2*x - 3478 = -5*s, 3*x - 7*x - 4*s + 6956 = 0. What is the thousands digit of x?
1
Let m be (-13)/(-3) - (-3)/(-9). Suppose m*j + u - 5 = -4*u, -5*u = 15. Suppose -3 = -2*h - j*v + 47, 5*v = 0. What is the units digit of h?
5
Let f(u) = u + 40. Let w be f(-23). Suppose -w*r + 11*r + 144 = 0. What is the units digit of r?
4
Let l = -10 + 8. Let i be -18 + l*(-9)/6. What is the tens digit of (-279)/i + 8/20?
1
Let v(h) = h + 11. Suppose -3*n = -6*n + 12. Suppose -n*z = -13 - 39. What is the units digit of v(z)?
4
Let t be (-8)/10*(-55)/22. Suppose o + t*o = 0. Suppose -5*x + p + 76 = -o*p, 2*x - p = 28. What is the tens digit of x?
1
Suppose -k - 2 = -5. Suppose -k*w = -w + 4*v - 506, 5*w + 2*v - 1257 = 0. What is the hundreds digit of w?
2
Suppose 7*p = -1245 + 4122. What is the tens digit of p?
1
What is the hundreds digit of (-5199)/(-15) - -4*(-15)/100?
3
Suppose -7*p + 1364 + 3557 = 0. Let r = 988 - p. What is the units digit of r?
5
Let f(k) = k**3 + 5*k**2 + 5*k + 3. Let d be f(-3). Suppose -t + d + 3 = 0. Suppose -t*g = -4*g - 95. What is the tens digit of g?
1
Suppose 0 = -31*o + 40101 + 10119. What is the tens digit of o?
2
What is the tens digit of (4 - 14) + 1 - -1610?
0
Suppose 4937 + 23083 = 10*o. What is the tens digit of o/30 - (-9)/15?
9
Let d be (-138)/(-10) - 2/(-10). Let p = d + -9. What is the units digit of p/25 + 69/5?
4
Let k be 4 - (12 + (0 - 2)). What is the tens digit of 3861/52 + k/(-8)?
7
Let r(d) be the first derivative of -d**4/12 - 11*d**3/6 + d**2/2 + 5*d + 9. Let n(g) be the first derivative of r(g). What is the units digit of n(-10)?
1
What is the units digit of ((-3630)/(-45))/(4/18)?
3
Let x be (-195)/9 + (-3)/9. Let y = -34 - x. What is the units digit of ((-4)/(-3))/(y/(-27))?
3
Suppose 2*y - 2*p = -0*p + 1196, 0 = 3*y - 5*p - 1804. What is the units digit of y?
3
Let r be (-3)/(-2) + 2/4 - -3. Suppose -r*q + 3*u + 909 = 0, -5*u = -0 - 10. What is the tens digit of q?
8
Suppose 0 = a - 2*x - 1922, 5*x = 4*a - 9932 + 2250. What is the hundreds digit of a?
9
Let z(w) = 3*w - 9. Let g be z(0). What is the units digit of (-1417)/(-11) - (54/33)/g?
9
Let o be 4 + -1 + (8 - 6). Suppose -2*m = -m + 4*x - 8, -5*m + 3*x = 52. What is the units digit of m/4*o/(-2)?
5
Suppose 0 = -3*u + s + 15665, 26115 = 5*u - s + 6*s. What is the units digit of u?
2
Suppose 0 = 15*z - 10*z + 195. What is the units digit of (-8)/(-3)*(-2 + 2 - z)?
4
Let l = -760 - -850. What is the units digit of l?
0
Suppose 0 = -2*t + 3*t + 5, 4*s + 5 = -t. Suppose 22*q + 2520 - 6678 = s. What is the units digit of q?
9
What is the thousands digit of 2681 - (6/15)/((-2)/40)?
2
Suppose 8*s = -5*u + 392 + 132, 2*u = -4*s + 264. What is the units digit of s?
8
Let s(g) = -g - 5. Let k = 34 + -21. Suppose 2*v + 13 + k = 0. What is the units digit of s(v)?
8
Let k(p) = p**3 - 4*p**2 + 2*p + 4. Let b = -6 + 5. Let j(x) = x**2 - x. Let w(r) = b*k(r) - 4*j(r). What is the tens digit of w(-3)?
1
Suppose 5*u - 96 = -31. Let x(b) = 10*b + b - b**2 + 15*b + 11 - 8*b. What is the tens digit of x(u)?
7
Suppose 5*v + 2*m = -210, 4*m = 4*v - m + 135. What is the units digit of -12*-26*(-5)/v?
9
Suppose 68*m = 15*m + 192496. What is the tens digit of m?
3
Let i(z) = 37*z + 642. What is the hundreds digit of i(17)?
2
Let o = -11 - -12. Suppose -5*m + o = -4. What is the tens digit of (-2 + m)/(2/(-32))?
1
Suppose 10*c - 13571 - 9889 = 0. What is the tens digit of c?
4
Let z(q) = -86*q + 22. What is the units digit of z(-1)?
8
Let a = 26 - 44. Let m be -2128 + 0/(-1 - 1). What is the tens digit of (-4)/a - m/63?
3
Let z = 24 - 9. Let a(h) = h**3 - 9*h**2 + 22*h - 19. Let q be a(6). Suppose -q*b + 0*b = -z. What is the units digit of b?
3
Let i(a) = -5*a + 19. Let m(z) = z**3 + z**2 + 2*z + 2. Let h be m(-2). What is the tens digit of i(h)?
4
Suppose -5*r = -1593 - 417. What is the units digit of r?
2
Suppose -2*k = -4*k - 6. Let c(l) = -4*l**3 + l**2 + 10*l + 8. What is the units digit of c(k)?
5
Let l(g) = -110*g + 1076. What is the units digit of l(0)?
6
Let q(x) = 18*x**2 + 13*x + 29. What is the units digit of q(-5)?
4
Suppose -3*a + 4*a = -5*d + 457, 5*a + 475 = 5*d. Suppose d = -3*i + 518. What is the tens digit of i?
4
Let p = -15 - -18. Suppose 0*h = p*h - 36. Suppose h = 2*j - 14. What is the units digit of j?
3
Let m(c) = 3*c + 3. Let a be m(-6). Let r = a - -17. Suppose 5*k = -y + 3*y + 46, 4*y = r*k - 12. What is the units digit of k?
0
Let j = 13 + -11. Let h be (j/(-1))/(14/(-21)). Let q(r) = 4*r**2 - 2*r + 1. What is the tens digit of q(h)?
3
Let u(q) = 9*q - 56. Let l be u(6). What is the units digit of 2 + (-5 - 0) - 38/l?
6
Let g be (15 + -11)/((-2 + 4)*1). Suppose 6*l - g*l - 536 = 0. What is the units digit of l?
4
What is the hundreds digit of (45/(-30))/(2/(-580))?
4
Suppose -9*j + 2261 = -1717. What is the hundreds digit of j?
4
Let a(i) = -29*i + 431. What is the tens digit of a(-36)?
7
Suppose -5*h + 371 = -3*f, -3*h - f + 171 = -60. Suppose g - h = 59. What is the units digit of (2*1)/(10/g)?
7
Let b = 80 - 51. Suppose 0 = -4*m - 4*i + 416, -m + 3*m + 5*i - 208 = 0. Suppose -m = -p - b. What is the tens digit of p?
7
Let x(t) = 10*t + 352. What is the hundreds digit of x(0)?
3
Let a = 6 + -6. Suppose a = -0*u + u - 13. Suppose 4 = 2*x + 5*i - u, 0 = 2*x - 3*i - 57. What is the units digit of x?
1
Suppose 0 = j + 26 - 568. What